{"id":23,"date":"2015-01-19T22:05:53","date_gmt":"2015-01-19T21:05:53","guid":{"rendered":"http:\/\/tagesmutter-rudersberg.de\/?page_id=23"},"modified":"2022-12-01T22:06:07","modified_gmt":"2022-12-01T21:06:07","slug":"ein-tag-bei-uns","status":"publish","type":"page","link":"https:\/\/tagesmutter-rudersberg.de\/?page_id=23","title":{"rendered":"Ein Tag bei Uns"},"content":{"rendered":"<h4 style=\"text-align: center;\"><strong><em>So kann ein Tag bei uns aussehen&#8230;<\/em><\/strong><\/h4>\n<h4 style=\"text-align: center;\"><strong><em>Morgens d\u00fcrfen nagle Kinder erst einmal in Ruhe ankommen dann starten wir den Tag mit einem kleinen Lied und schauen erst einmal was denn gerade die Bed\u00fcrfnisse sind.<\/p>\n<p>Meistens wird erst einmal Gefr\u00fchst\u00fcckt und vielleicht dazu ein Buch angeschaut, danach spielen wir zusammen oder auch jeder f\u00fcr sich so wie die Kinder Lust haben. Meistens gehen wir auch eine Weile an die frische Luft.<br \/>\n<\/em><\/strong><\/h4>\n<h4 style=\"text-align: center;\">Wenn die Kinder dann schon etwas m\u00fcde sind wird es ruhig und gem\u00fctlich und wir h\u00f6ren eine Geschichte an oder schauen ein Buch an oder die Kinder schauen den Handpuppen beim reden zu einfach um eine Pause zu machen.<\/h4>\n<h4 style=\"text-align: center;\"><strong><em>Ca. um 12:30 Uhr gibt es Mittagessen, danach darf jeder noch ein bisschen dass tun wonach er Lust hat vielleicht einen Turm bauen oder mit Wasserfarben malen oder im Garten gemeinsam noch einmal im Sand spielen.<br \/>\n<\/em><\/strong><\/h4>\n<h4 style=\"text-align: center;\"><strong><em>Nachmittags gibt es noch eine Obst- und Kekspause<br \/>\nbevor die meisten dann auch schon wieder abgeholt werden.<\/em><\/strong><\/h4>\n<h4 style=\"text-align: center;\"><strong><em>Bevor die Kinder abgeholt werden,<br \/>\nr\u00e4umen wir gemeinsam auf und singen noch ein Abschiedslied<br \/>\nund sagen<\/em><\/strong><\/h4>\n<h4 style=\"text-align: center;\"><strong><em>&#8222;Tsch\u00fcss bis morgen Fr\u00fch&#8220;<\/em><\/strong><\/h4>\n<h4 style=\"text-align: center;\"><\/h4>\n","protected":false},"excerpt":{"rendered":"<p>So kann ein Tag bei uns aussehen&#8230; Morgens d\u00fcrfen nagle Kinder erst einmal in Ruhe ankommen dann starten wir den Tag mit einem kleinen Lied und schauen erst einmal was denn gerade die Bed\u00fcrfnisse sind. Meistens wird erst einmal Gefr\u00fchst\u00fcckt&#8230;<\/p>\n","protected":false},"author":1,"featured_media":0,"parent":0,"menu_order":0,"comment_status":"closed","ping_status":"closed","template":"","meta":[],"_links":{"self":[{"href":"https:\/\/tagesmutter-rudersberg.de\/index.php?rest_route=\/wp\/v2\/pages\/23"}],"collection":[{"href":"https:\/\/tagesmutter-rudersberg.de\/index.php?rest_route=\/wp\/v2\/pages"}],"about":[{"href":"https:\/\/tagesmutter-rudersberg.de\/index.php?rest_route=\/wp\/v2\/types\/page"}],"author":[{"embeddable":true,"href":"https:\/\/tagesmutter-rudersberg.de\/index.php?rest_route=\/wp\/v2\/users\/1"}],"replies":[{"embeddable":true,"href":"https:\/\/tagesmutter-rudersberg.de\/index.php?rest_route=%2Fwp%2Fv2%2Fcomments&post=23"}],"version-history":[{"count":12,"href":"https:\/\/tagesmutter-rudersberg.de\/index.php?rest_route=\/wp\/v2\/pages\/23\/revisions"}],"predecessor-version":[{"id":664,"href":"https:\/\/tagesmutter-rudersberg.de\/index.php?rest_route=\/wp\/v2\/pages\/23\/revisions\/664"}],"wp:attachment":[{"href":"https:\/\/tagesmutter-rudersberg.de\/index.php?rest_route=%2Fwp%2Fv2%2Fmedia&parent=23"}],"curies":[{"name":"wp","href":"https:\/\/api.w.org\/{rel}","templated":true}]}}