{"id":31,"date":"2015-01-19T22:06:51","date_gmt":"2015-01-19T21:06:51","guid":{"rendered":"http:\/\/tagesmutter-rudersberg.de\/?page_id=31"},"modified":"2022-12-02T09:34:17","modified_gmt":"2022-12-02T08:34:17","slug":"das-wuensche-ich-mir","status":"publish","type":"page","link":"https:\/\/tagesmutter-rudersberg.de\/?page_id=31","title":{"rendered":"Das ist mir wichtig&#8230;"},"content":{"rendered":"<ul style=\"text-align: center;\">\n<li>\n<h4><em><strong>Bei uns wird jeden Tag frisch gekocht und ich versuche<br \/>\nden Kindern Gesundes schmackhaft zu machen.<\/strong><\/em><\/h4>\n<\/li>\n<li>\n<h4><em><strong>Eine ausgewogene und abwechslungsreiche<br \/>\nErn\u00e4hrung ist selbstverst\u00e4ndlich.<\/strong><\/em><\/h4>\n<\/li>\n<li>\n<h4>Mit den Kindern gemeinsam spielen, basteln oder bauen und neue Sachen ausprobieren<\/h4>\n<\/li>\n<\/ul>\n<ul style=\"text-align: center;\">\n<li>\n<h4><em><strong>Einfach sch\u00f6n ist es wenn wir drau\u00dfen spielen k\u00f6nnen.<br \/>\nDie Kinder toben sich so richtig aus und gemeinsam<br \/>\nk\u00f6nnen wir viele spannende Sachen entdecken.Ich versuche in so einer Spielphase\u00a0die Welt mit<\/strong><\/em><\/h4>\n<h4><em><strong> Kinderaugen zu sehen, z.B. was ist da in dem Loch<br \/>\n<\/strong><\/em><em style=\"line-height: 1.5;\"><strong>in der Wiese oder was macht der Vogel da oben im Baum?<br \/>\n<\/strong><\/em><em style=\"line-height: 1.5;\"><strong>Es kommen dadurch h\u00e4ufig Fantasiegeschichten<br \/>\n<\/strong><\/em><em style=\"line-height: 1.5;\"><strong>mit den Kindern zu Stande, aber genau das geh\u00f6rt dazu.<\/strong><\/em><\/h4>\n<\/li>\n<\/ul>\n<h4 style=\"text-align: center;\"><em><strong>\u00a0&#8222;Die Welt mit Kinderaugen sehen&#8220;<\/strong><\/em><\/h4>\n","protected":false},"excerpt":{"rendered":"<p>Bei uns wird jeden Tag frisch gekocht und ich versuche den Kindern Gesundes schmackhaft zu machen. Eine ausgewogene und abwechslungsreiche Ern\u00e4hrung ist selbstverst\u00e4ndlich. Mit den Kindern gemeinsam spielen, basteln oder bauen und neue Sachen ausprobieren Einfach sch\u00f6n ist es wenn&#8230;<\/p>\n","protected":false},"author":1,"featured_media":0,"parent":0,"menu_order":0,"comment_status":"closed","ping_status":"closed","template":"","meta":[],"_links":{"self":[{"href":"https:\/\/tagesmutter-rudersberg.de\/index.php?rest_route=\/wp\/v2\/pages\/31"}],"collection":[{"href":"https:\/\/tagesmutter-rudersberg.de\/index.php?rest_route=\/wp\/v2\/pages"}],"about":[{"href":"https:\/\/tagesmutter-rudersberg.de\/index.php?rest_route=\/wp\/v2\/types\/page"}],"author":[{"embeddable":true,"href":"https:\/\/tagesmutter-rudersberg.de\/index.php?rest_route=\/wp\/v2\/users\/1"}],"replies":[{"embeddable":true,"href":"https:\/\/tagesmutter-rudersberg.de\/index.php?rest_route=%2Fwp%2Fv2%2Fcomments&post=31"}],"version-history":[{"count":14,"href":"https:\/\/tagesmutter-rudersberg.de\/index.php?rest_route=\/wp\/v2\/pages\/31\/revisions"}],"predecessor-version":[{"id":676,"href":"https:\/\/tagesmutter-rudersberg.de\/index.php?rest_route=\/wp\/v2\/pages\/31\/revisions\/676"}],"wp:attachment":[{"href":"https:\/\/tagesmutter-rudersberg.de\/index.php?rest_route=%2Fwp%2Fv2%2Fmedia&parent=31"}],"curies":[{"name":"wp","href":"https:\/\/api.w.org\/{rel}","templated":true}]}}